{"version":"1.0","provider_name":"Fundacio Impulsa","provider_url":"https:\/\/www.fundacioimpulsa.org\/es\/","title":"Este curso 2023-2024, 317 j\u00f3venes han recibido el apoyo de la Fundaci\u00f3n Impulsa para cursar ciclos de formaci\u00f3n profesional - Fundacio Impulsa","type":"rich","width":600,"height":338,"html":"<blockquote class=\"wp-embedded-content\" data-secret=\"6phIl0ed6i\"><a href=\"https:\/\/www.fundacioimpulsa.org\/es\/fi-curso-jovenes-2024\/\">Este curso 2023-2024, 317 j\u00f3venes han recibido el apoyo de la Fundaci\u00f3n Impulsa para cursar ciclos de formaci\u00f3n profesional<\/a><\/blockquote><iframe sandbox=\"allow-scripts\" security=\"restricted\" src=\"https:\/\/www.fundacioimpulsa.org\/es\/fi-curso-jovenes-2024\/embed\/#?secret=6phIl0ed6i\" width=\"600\" height=\"338\" title=\"\u00abEste curso 2023-2024, 317 j\u00f3venes han recibido el apoyo de la Fundaci\u00f3n Impulsa para cursar ciclos de formaci\u00f3n profesional\u00bb \u2014 Fundacio Impulsa\" data-secret=\"6phIl0ed6i\" frameborder=\"0\" marginwidth=\"0\" marginheight=\"0\" scrolling=\"no\" class=\"wp-embedded-content\"><\/iframe><script type=\"text\/javascript\">\n\/* <![CDATA[ *\/\n\/*! This file is auto-generated *\/\n!function(d,l){\"use strict\";l.querySelector&&d.addEventListener&&\"undefined\"!=typeof URL&&(d.wp=d.wp||{},d.wp.receiveEmbedMessage||(d.wp.receiveEmbedMessage=function(e){var t=e.data;if((t||t.secret||t.message||t.value)&&!\/[^a-zA-Z0-9]\/.test(t.secret)){for(var s,r,n,a=l.querySelectorAll('iframe[data-secret=\"'+t.secret+'\"]'),o=l.querySelectorAll('blockquote[data-secret=\"'+t.secret+'\"]'),c=new RegExp(\"^https?:$\",\"i\"),i=0;i<o.length;i++)o[i].style.display=\"none\";for(i=0;i<a.length;i++)s=a[i],e.source===s.contentWindow&&(s.removeAttribute(\"style\"),\"height\"===t.message?(1e3<(r=parseInt(t.value,10))?r=1e3:~~r<200&&(r=200),s.height=r):\"link\"===t.message&&(r=new URL(s.getAttribute(\"src\")),n=new URL(t.value),c.test(n.protocol))&&n.host===r.host&&l.activeElement===s&&(d.top.location.href=t.value))}},d.addEventListener(\"message\",d.wp.receiveEmbedMessage,!1),l.addEventListener(\"DOMContentLoaded\",function(){for(var e,t,s=l.querySelectorAll(\"iframe.wp-embedded-content\"),r=0;r<s.length;r++)(t=(e=s[r]).getAttribute(\"data-secret\"))||(t=Math.random().toString(36).substring(2,12),e.src+=\"#?secret=\"+t,e.setAttribute(\"data-secret\",t)),e.contentWindow.postMessage({message:\"ready\",secret:t},\"*\")},!1)))}(window,document);\n\/\/# sourceURL=https:\/\/www.fundacioimpulsa.org\/wp-includes\/js\/wp-embed.min.js\n\/* ]]> *\/\n<\/script>\n","thumbnail_url":"https:\/\/www.fundacioimpulsa.org\/wp-content\/uploads\/2024\/06\/FundImpulsa_Terrassa-3-1030x773.jpg","thumbnail_width":1030,"thumbnail_height":773,"description":"Por noveno a\u00f1o consecutivo, j\u00f3venes en situaci\u00f3n de vulnerabilidad pero con motivaci\u00f3n, han podido cursar un ciclo de formaci\u00f3n profesional gracias a la Beca y acompa\u00f1amiento de la Fundaci\u00f3n Impulsa. Una cifra que hemos querido visibilizar y poner de relieve a trav\u00e9s de los actos de cierre de curso celebrados en cada uno de los territorios donde nuestra entidad social est\u00e1 presente. Una acci\u00f3n que forma parte del plan formativo del M\u00e9todo Impulsa, que refuerza la labor psicopedag\u00f3gica y de mentor\u00eda que reciben los j\u00f3venes a lo largo de todo el curso, as\u00ed como pone en valor el apoyo institucional y de organizaciones que hacen posible la labor de Impulsa."}

Este curso 2023-2024, 317 jóvenes han recibido el apoyo de la Fundación Impulsa para cursar ciclos de formación profesional - Fundacio Impulsa

<blockquote class="wp-embedded-content" data-secret="6phIl0ed6i"><a href="https://www.fundacioimpulsa.org/es/fi-curso-jovenes-2024/">Este curso 2023-2024, 317 jóvenes han recibido el apoyo de la Fundación Impulsa para cursar ciclos de formación profesional</a></blockquote><iframe sandbox="allow-scripts" security="restricted" src="https://www.fundacioimpulsa.org/es/fi-curso-jovenes-2024/embed/#?secret=6phIl0ed6i" width="600" height="338" title="«Este curso 2023-2024, 317 jóvenes han recibido el apoyo de la Fundación Impulsa para cursar ciclos de formación profesional» — Fundacio Impulsa" data-secret="6phIl0ed6i" frameborder="0" marginwidth="0" marginheight="0" scrolling="no" class="wp-embedded-content"></iframe><script type="text/javascript">
/* <![CDATA[ */
/*! This file is auto-generated */
!function(d,l){"use strict";l.querySelector&&d.addEventListener&&"undefined"!=typeof URL&&(d.wp=d.wp||{},d.wp.receiveEmbedMessage||(d.wp.receiveEmbedMessage=function(e){var t=e.data;if((t||t.secret||t.message||t.value)&&!/[^a-zA-Z0-9]/.test(t.secret)){for(var s,r,n,a=l.querySelectorAll('iframe[data-secret="'+t.secret+'"]'),o=l.querySelectorAll('blockquote[data-secret="'+t.secret+'"]'),c=new RegExp("^https?:$","i"),i=0;i<o.length;i++)o[i].style.display="none";for(i=0;i<a.length;i++)s=a[i],e.source===s.contentWindow&&(s.removeAttribute("style"),"height"===t.message?(1e3<(r=parseInt(t.value,10))?r=1e3:~~r<200&&(r=200),s.height=r):"link"===t.message&&(r=new URL(s.getAttribute("src")),n=new URL(t.value),c.test(n.protocol))&&n.host===r.host&&l.activeElement===s&&(d.top.location.href=t.value))}},d.addEventListener("message",d.wp.receiveEmbedMessage,!1),l.addEventListener("DOMContentLoaded",function(){for(var e,t,s=l.querySelectorAll("iframe.wp-embedded-content"),r=0;r<s.length;r++)(t=(e=s[r]).getAttribute("data-secret"))||(t=Math.random().toString(36).substring(2,12),e.src+="#?secret="+t,e.setAttribute("data-secret",t)),e.contentWindow.postMessage({message:"ready",secret:t},"*")},!1)))}(window,document);
//# sourceURL=https://www.fundacioimpulsa.org/wp-includes/js/wp-embed.min.js
/* ]]> */
</script>

Por noveno año consecutivo, jóvenes en situación de vulnerabilidad pero con motivación, han podido cursar un ciclo de formación profesional gracias a la Beca y acompañamiento de la Fundación Impulsa. Una cifra que hemos querido visibilizar y poner de relieve a través de los actos de cierre de curso celebrados en cada uno de los territorios donde nuestra entidad social está presente. Una acción que forma parte del plan formativo del Método Impulsa, que refuerza la labor psicopedagógica y de mentoría que reciben los jóvenes a lo largo de todo el curso, así como pone en valor el apoyo institucional y de organizaciones que hacen posible la labor de Impulsa.
