{"version":"1.0","provider_name":"Fundacio Impulsa","provider_url":"https:\/\/www.fundacioimpulsa.org\/es\/","title":"\"Abrimos puertas y ponemos alfombra roja a iniciativas como la Fundaci\u00f3n Impulsa\" Miquel Noguer - Fundacio Impulsa","type":"rich","width":600,"height":338,"html":"<blockquote class=\"wp-embedded-content\" data-secret=\"n7IYKt0XXw\"><a href=\"https:\/\/www.fundacioimpulsa.org\/es\/miquel-noguer\/\">\u00abAbrimos puertas y ponemos alfombra roja a iniciativas como la Fundaci\u00f3n Impulsa\u00bb Miquel Noguer<\/a><\/blockquote><iframe sandbox=\"allow-scripts\" security=\"restricted\" src=\"https:\/\/www.fundacioimpulsa.org\/es\/miquel-noguer\/embed\/#?secret=n7IYKt0XXw\" width=\"600\" height=\"338\" title=\"\u00ab\u00abAbrimos puertas y ponemos alfombra roja a iniciativas como la Fundaci\u00f3n Impulsa\u00bb Miquel Noguer\u00bb \u2014 Fundacio Impulsa\" data-secret=\"n7IYKt0XXw\" frameborder=\"0\" marginwidth=\"0\" marginheight=\"0\" scrolling=\"no\" class=\"wp-embedded-content\"><\/iframe><script type=\"text\/javascript\">\n\/* <![CDATA[ *\/\n\/*! This file is auto-generated *\/\n!function(d,l){\"use strict\";l.querySelector&&d.addEventListener&&\"undefined\"!=typeof URL&&(d.wp=d.wp||{},d.wp.receiveEmbedMessage||(d.wp.receiveEmbedMessage=function(e){var t=e.data;if((t||t.secret||t.message||t.value)&&!\/[^a-zA-Z0-9]\/.test(t.secret)){for(var s,r,n,a=l.querySelectorAll('iframe[data-secret=\"'+t.secret+'\"]'),o=l.querySelectorAll('blockquote[data-secret=\"'+t.secret+'\"]'),c=new RegExp(\"^https?:$\",\"i\"),i=0;i<o.length;i++)o[i].style.display=\"none\";for(i=0;i<a.length;i++)s=a[i],e.source===s.contentWindow&&(s.removeAttribute(\"style\"),\"height\"===t.message?(1e3<(r=parseInt(t.value,10))?r=1e3:~~r<200&&(r=200),s.height=r):\"link\"===t.message&&(r=new URL(s.getAttribute(\"src\")),n=new URL(t.value),c.test(n.protocol))&&n.host===r.host&&l.activeElement===s&&(d.top.location.href=t.value))}},d.addEventListener(\"message\",d.wp.receiveEmbedMessage,!1),l.addEventListener(\"DOMContentLoaded\",function(){for(var e,t,s=l.querySelectorAll(\"iframe.wp-embedded-content\"),r=0;r<s.length;r++)(t=(e=s[r]).getAttribute(\"data-secret\"))||(t=Math.random().toString(36).substring(2,12),e.src+=\"#?secret=\"+t,e.setAttribute(\"data-secret\",t)),e.contentWindow.postMessage({message:\"ready\",secret:t},\"*\")},!1)))}(window,document);\n\/\/# sourceURL=https:\/\/www.fundacioimpulsa.org\/wp-includes\/js\/wp-embed.min.js\n\/* ]]> *\/\n<\/script>\n","thumbnail_url":"https:\/\/www.fundacioimpulsa.org\/wp-content\/uploads\/2025\/07\/Obrim-portes-i-posem-catifa-vermella-a-iniciatives-com-la-Fundacio-Impulsa-1.jpg","thumbnail_width":719,"thumbnail_height":496,"description":"Miquel Noguer Planas es actualmente el presidente de la Diputaci\u00f3n de Girona y alcalde de Banyoles. Su trayectoria pol\u00edtica, sin embargo, se inicia en Mieres, de donde fue alcalde desde 1991 hasta 2006. En la Fundaci\u00f3n Impulsa hemos conocido a Noguer por su cargo como alcalde de la capital de comarca del Pla de l'Estany, que el pr\u00f3ximo curso se incorpora como nuevo territorio de la Fundaci\u00f3n Impulsa. Con Banyoles, tambi\u00e9n hay vigente un convenio de colaboraci\u00f3n y, por este motivo, hemos querido compartir un momento con Miquel Noguer para conocerlo mejor."}

"Abrimos puertas y ponemos alfombra roja a iniciativas como la Fundación Impulsa" Miquel Noguer - Fundacio Impulsa

<blockquote class="wp-embedded-content" data-secret="n7IYKt0XXw"><a href="https://www.fundacioimpulsa.org/es/miquel-noguer/">«Abrimos puertas y ponemos alfombra roja a iniciativas como la Fundación Impulsa» Miquel Noguer</a></blockquote><iframe sandbox="allow-scripts" security="restricted" src="https://www.fundacioimpulsa.org/es/miquel-noguer/embed/#?secret=n7IYKt0XXw" width="600" height="338" title="««Abrimos puertas y ponemos alfombra roja a iniciativas como la Fundación Impulsa» Miquel Noguer» — Fundacio Impulsa" data-secret="n7IYKt0XXw" frameborder="0" marginwidth="0" marginheight="0" scrolling="no" class="wp-embedded-content"></iframe><script type="text/javascript">
/* <![CDATA[ */
/*! This file is auto-generated */
!function(d,l){"use strict";l.querySelector&&d.addEventListener&&"undefined"!=typeof URL&&(d.wp=d.wp||{},d.wp.receiveEmbedMessage||(d.wp.receiveEmbedMessage=function(e){var t=e.data;if((t||t.secret||t.message||t.value)&&!/[^a-zA-Z0-9]/.test(t.secret)){for(var s,r,n,a=l.querySelectorAll('iframe[data-secret="'+t.secret+'"]'),o=l.querySelectorAll('blockquote[data-secret="'+t.secret+'"]'),c=new RegExp("^https?:$","i"),i=0;i<o.length;i++)o[i].style.display="none";for(i=0;i<a.length;i++)s=a[i],e.source===s.contentWindow&&(s.removeAttribute("style"),"height"===t.message?(1e3<(r=parseInt(t.value,10))?r=1e3:~~r<200&&(r=200),s.height=r):"link"===t.message&&(r=new URL(s.getAttribute("src")),n=new URL(t.value),c.test(n.protocol))&&n.host===r.host&&l.activeElement===s&&(d.top.location.href=t.value))}},d.addEventListener("message",d.wp.receiveEmbedMessage,!1),l.addEventListener("DOMContentLoaded",function(){for(var e,t,s=l.querySelectorAll("iframe.wp-embedded-content"),r=0;r<s.length;r++)(t=(e=s[r]).getAttribute("data-secret"))||(t=Math.random().toString(36).substring(2,12),e.src+="#?secret="+t,e.setAttribute("data-secret",t)),e.contentWindow.postMessage({message:"ready",secret:t},"*")},!1)))}(window,document);
//# sourceURL=https://www.fundacioimpulsa.org/wp-includes/js/wp-embed.min.js
/* ]]> */
</script>

Miquel Noguer Planas es actualmente el presidente de la Diputación de Girona y alcalde de Banyoles. Su trayectoria política, sin embargo, se inicia en Mieres, de donde fue alcalde desde 1991 hasta 2006. En la Fundación Impulsa hemos conocido a Noguer por su cargo como alcalde de la capital de comarca del Pla de l'Estany, que el próximo curso se incorpora como nuevo territorio de la Fundación Impulsa. Con Banyoles, también hay vigente un convenio de colaboración y, por este motivo, hemos querido compartir un momento con Miquel Noguer para conocerlo mejor.
