{"version":"1.0","provider_name":"Fundacio Impulsa","provider_url":"https:\/\/www.fundacioimpulsa.org\/es\/","title":"La Fundaci\u00f3 Impulsa incorpora dos nuevos Embajadores para seguir tejiendo red territorial e impulsar oportunidades para los j\u00f3venes - Fundacio Impulsa","type":"rich","width":600,"height":338,"html":"<blockquote class=\"wp-embedded-content\" data-secret=\"ElkmWP1fW6\"><a href=\"https:\/\/www.fundacioimpulsa.org\/es\/nous-ambaixadors\/\">La Fundaci\u00f3 Impulsa incorpora dos nuevos Embajadores para seguir tejiendo red territorial e impulsar oportunidades para los j\u00f3venes<\/a><\/blockquote><iframe sandbox=\"allow-scripts\" security=\"restricted\" src=\"https:\/\/www.fundacioimpulsa.org\/es\/nous-ambaixadors\/embed\/#?secret=ElkmWP1fW6\" width=\"600\" height=\"338\" title=\"\u00abLa Fundaci\u00f3 Impulsa incorpora dos nuevos Embajadores para seguir tejiendo red territorial e impulsar oportunidades para los j\u00f3venes\u00bb \u2014 Fundacio Impulsa\" data-secret=\"ElkmWP1fW6\" frameborder=\"0\" marginwidth=\"0\" marginheight=\"0\" scrolling=\"no\" class=\"wp-embedded-content\"><\/iframe><script type=\"text\/javascript\">\n\/* <![CDATA[ *\/\n\/*! This file is auto-generated *\/\n!function(d,l){\"use strict\";l.querySelector&&d.addEventListener&&\"undefined\"!=typeof URL&&(d.wp=d.wp||{},d.wp.receiveEmbedMessage||(d.wp.receiveEmbedMessage=function(e){var t=e.data;if((t||t.secret||t.message||t.value)&&!\/[^a-zA-Z0-9]\/.test(t.secret)){for(var s,r,n,a=l.querySelectorAll('iframe[data-secret=\"'+t.secret+'\"]'),o=l.querySelectorAll('blockquote[data-secret=\"'+t.secret+'\"]'),c=new RegExp(\"^https?:$\",\"i\"),i=0;i<o.length;i++)o[i].style.display=\"none\";for(i=0;i<a.length;i++)s=a[i],e.source===s.contentWindow&&(s.removeAttribute(\"style\"),\"height\"===t.message?(1e3<(r=parseInt(t.value,10))?r=1e3:~~r<200&&(r=200),s.height=r):\"link\"===t.message&&(r=new URL(s.getAttribute(\"src\")),n=new URL(t.value),c.test(n.protocol))&&n.host===r.host&&l.activeElement===s&&(d.top.location.href=t.value))}},d.addEventListener(\"message\",d.wp.receiveEmbedMessage,!1),l.addEventListener(\"DOMContentLoaded\",function(){for(var e,t,s=l.querySelectorAll(\"iframe.wp-embedded-content\"),r=0;r<s.length;r++)(t=(e=s[r]).getAttribute(\"data-secret\"))||(t=Math.random().toString(36).substring(2,12),e.src+=\"#?secret=\"+t,e.setAttribute(\"data-secret\",t)),e.contentWindow.postMessage({message:\"ready\",secret:t},\"*\")},!1)))}(window,document);\n\/\/# sourceURL=https:\/\/www.fundacioimpulsa.org\/wp-includes\/js\/wp-embed.min.js\n\/* ]]> *\/\n<\/script>\n","thumbnail_url":"https:\/\/www.fundacioimpulsa.org\/wp-content\/uploads\/2025\/04\/Portada-noti-Fundacio-Impulsa-27-1.jpg","thumbnail_width":700,"thumbnail_height":483,"description":"Con la voluntad de seguir ampliando la red de embajadores de la Fundaci\u00f3 Impulsa y acercar el proyecto a cada territorio, incorporamos dos nuevas figuras referentes que actuar\u00e1n como puente entre el tejido social y empresarial del territorio y la misi\u00f3n de nuestra Fundaci\u00f3n: Montse Argem\u00ed, que se suma a la embajada de Sabadell junto a T\u00e0nia Nadal, y Xavier Corrons, que tambi\u00e9n se estrena como Embajador en la comarca del Bages, junto a Imma Riba. Ambos aportan un profundo conocimiento del territorio y un fuerte compromiso con la cohesi\u00f3n social y la equidad de oportunidades."}

La Fundació Impulsa incorpora dos nuevos Embajadores para seguir tejiendo red territorial e impulsar oportunidades para los jóvenes - Fundacio Impulsa

<blockquote class="wp-embedded-content" data-secret="ElkmWP1fW6"><a href="https://www.fundacioimpulsa.org/es/nous-ambaixadors/">La Fundació Impulsa incorpora dos nuevos Embajadores para seguir tejiendo red territorial e impulsar oportunidades para los jóvenes</a></blockquote><iframe sandbox="allow-scripts" security="restricted" src="https://www.fundacioimpulsa.org/es/nous-ambaixadors/embed/#?secret=ElkmWP1fW6" width="600" height="338" title="«La Fundació Impulsa incorpora dos nuevos Embajadores para seguir tejiendo red territorial e impulsar oportunidades para los jóvenes» — Fundacio Impulsa" data-secret="ElkmWP1fW6" frameborder="0" marginwidth="0" marginheight="0" scrolling="no" class="wp-embedded-content"></iframe><script type="text/javascript">
/* <![CDATA[ */
/*! This file is auto-generated */
!function(d,l){"use strict";l.querySelector&&d.addEventListener&&"undefined"!=typeof URL&&(d.wp=d.wp||{},d.wp.receiveEmbedMessage||(d.wp.receiveEmbedMessage=function(e){var t=e.data;if((t||t.secret||t.message||t.value)&&!/[^a-zA-Z0-9]/.test(t.secret)){for(var s,r,n,a=l.querySelectorAll('iframe[data-secret="'+t.secret+'"]'),o=l.querySelectorAll('blockquote[data-secret="'+t.secret+'"]'),c=new RegExp("^https?:$","i"),i=0;i<o.length;i++)o[i].style.display="none";for(i=0;i<a.length;i++)s=a[i],e.source===s.contentWindow&&(s.removeAttribute("style"),"height"===t.message?(1e3<(r=parseInt(t.value,10))?r=1e3:~~r<200&&(r=200),s.height=r):"link"===t.message&&(r=new URL(s.getAttribute("src")),n=new URL(t.value),c.test(n.protocol))&&n.host===r.host&&l.activeElement===s&&(d.top.location.href=t.value))}},d.addEventListener("message",d.wp.receiveEmbedMessage,!1),l.addEventListener("DOMContentLoaded",function(){for(var e,t,s=l.querySelectorAll("iframe.wp-embedded-content"),r=0;r<s.length;r++)(t=(e=s[r]).getAttribute("data-secret"))||(t=Math.random().toString(36).substring(2,12),e.src+="#?secret="+t,e.setAttribute("data-secret",t)),e.contentWindow.postMessage({message:"ready",secret:t},"*")},!1)))}(window,document);
//# sourceURL=https://www.fundacioimpulsa.org/wp-includes/js/wp-embed.min.js
/* ]]> */
</script>

Con la voluntad de seguir ampliando la red de embajadores de la Fundació Impulsa y acercar el proyecto a cada territorio, incorporamos dos nuevas figuras referentes que actuarán como puente entre el tejido social y empresarial del territorio y la misión de nuestra Fundación: Montse Argemí, que se suma a la embajada de Sabadell junto a Tània Nadal, y Xavier Corrons, que también se estrena como Embajador en la comarca del Bages, junto a Imma Riba. Ambos aportan un profundo conocimiento del territorio y un fuerte compromiso con la cohesión social y la equidad de oportunidades.
